95/25 + d)/(s/(-30)). Calculate the highest common factor of 72 and f.
24
Let r be (-10 - -1) + (21 - 6). Let y be (-1 + 4 - 1)/(-2). Let j be y/((-2)/(-2)) - -2. Calculate the greatest common divisor of j and r.
1
Let n be (-21 - 0)/(1*-1). Let i(x) = -15*x + 153. Let d be i(10). Suppose 4*k = -4*s + 2*s + 8, -d*k = 4*s - 1. What is the highest common factor of n and k?
3
Let r be ((-15)/10)/(5/(3060/(-27))). What is the greatest common divisor of r and 2074?
34
Let r(a) = -a**3 + 12*a**2 + 11*a + 40. Let o be r(13). Suppose -o*w = -169 + 43. What is the greatest common factor of 243 and w?
9
Let o(q) = q**3 + 12*q**2 + 10*q - 7. Let i be o(-11). Suppose 328 = i*c - 2*c. Let f = c - 44. What is the highest common factor of f and 80?
40
Let f = 13448 + -11988. What is the highest common divisor of f and 803?
73
Suppose -2*v - 3*h = -324, 5*h + 67 + 95 = v. Let j(i) = -i**2 + 10*i + 20. Let l be j(8). What is the greatest common factor of v and l?
18
Let y be 570/(-8) + 14/56. Let g = y + 113. Let t = -35 - -63. What is the greatest common divisor of g and t?
14
Let k = -2601 + 2678. Let l be (17 - 2)*2/6. Let v = k - l. What is the greatest common divisor of v and 48?
24
Suppose -21*v - 2*k - 3 = -22*v, -5*v - 4*k + 1 = 0. Suppose -2*m = 2*y + 8, v = -3*m + y + 9. What is the greatest common factor of 32 and m?
1
Suppose 4*h = 4*u - 6288, -2*u - 2*h + 864 = -2280. Calculate the greatest common divisor of 12 and u.
12
Let x(w) = w**2 + 21*w + 17. Let i be x(-22). Suppose -a - 5 + i = 0. Calculate the highest common factor of a and 544.
34
Suppose 2*x - 104 = 26. Suppose 2*q - 2*j = -68, 2*j + x = -2*q + j. Let g = q + 39. Calculate the greatest common factor of 3 and g.
3
Let q = -260 + 242. Let w be -3 + 0 - 8928/q. What is the greatest common factor of w and 17?
17
Let q = 3576 + -647. What is the highest common factor of q and 58?
29
Suppose 20*j - 79760 = -4*j + 8*j. Calculate the greatest common factor of 10 and j.
5
Suppose o - m - 543 = 0, -3*o - m - 3*m + 1636 = 0. Calculate the highest common divisor of o and 56.
8
Suppose -77*x - 2784 = -39*x - 67*x. Suppose v + s - 3 = -2, 0 = s - 3. Let y be (-726)/(-1 + v) - 2. Calculate the greatest common divisor of y and x.
48
Suppose 24*q = 18*q - 1332. Suppose 0*d + 4*d = k - 394, 0 = -5*k - 5*d + 2020. Let n = q + k. What is the greatest common divisor of n and 20?
20
Let n be 3*1*286/26. Let p(k) = k**3 + 12*k**2 + 10*k + 6. Let q be p(-11). Let g = q + -6. What is the greatest common divisor of g and n?
11
Let o be 5214 + ((-102)/(-16) - 57/152). What is the greatest common factor of 116 and o?
116
Suppose 0 = 32*x - 12*x. Suppose x = t - 183 - 492. What is the greatest common factor of 25 and t?
25
Let a be 34749/231 + (-3)/7. What is the highest common factor of a and 1100?
50
Let p = 62 + -58. Suppose 5*t - 7*t - 379 = -5*c, -p*t = 4*c - 292. What is the highest common divisor of 10 and c?
5
Suppose 2*m = 2*f - 2, f + 2 = 6*f - 2*m. Suppose 0 = 3*j + 2*q - 48, f = -j - 3*q + 5*q + 24. What is the highest common divisor of 30 and j?
6
Let v(l) = l**3 - 15*l**2 - 326*l + 5005. Let c be v(16). Let o(u) = 179*u**2 + 1. Let t be o(1). What is the greatest common factor of c and t?
45
Let f(t) = 3*t**3 + 135*t**2 - t + 99. Let d be f(-45). Suppose 3*z + 5*g - 87 = -z, -81 = -4*z - 3*g. What is the greatest common factor of z and d?
18
Let w(c) = 38*c**3 + 15*c**2 - 51*c + 59. Let f be w(4). Calculate the greatest common divisor of 665 and f.
133
Let v(l) = -4*l + 72. Let f be v(13). Suppose 14 = u - 26. Calculate the greatest common divisor of f and u.
20
Suppose 0 = 72*m - 66*m - 1296. Suppose -m = -91*g + 79*g. Let n = 246 + -174. Calculate the highest common divisor of g and n.
18
Suppose 2*v - 162 = 30. Suppose 103*p = 439 - 27. What is the highest common factor of p and v?
4
Suppose 3*g + 2*f - 10 - 12 = 0, -3*g - 3*f = -27. Suppose -4*b - 18*j + 257 = -19*j, 0 = 10*b - 2*j - 642. What is the greatest common factor of b and g?
4
Suppose -l - 3*b + b + 179 = 0, 0 = -5*l - 4*b + 865. Let w be 39*(-3 + -7*110/(-210)). What is the greatest common divisor of w and l?
13
Let j(i) = -i**2 - 36*i - 86. Suppose 0 = 5*v + 5, 0*u + 2*v - 130 = 4*u. Let h be j(u). Calculate the highest common divisor of 169 and h.
13
Let p = -431 + 331. Let i = p - -120. Suppose -4*x - x + 146 = -4*d, 5*x - 155 = -5*d. What is the highest common factor of x and i?
10
Let h = -382 - -403. Suppose h*q - 1612 = 173. Calculate the highest common factor of 1530 and q.
85
Suppose -5*i + 1086 = -2*f, -4*i + 0*i + 867 = -f. What is the highest common factor of 351 and i?
27
Let g(s) = -s**2 + 18*s + 4. Suppose 0*w - 38 = -w - 5*x, -w = 4*x - 34. Let k be g(w). Let n be 30/9*(-6)/(-2). Calculate the highest common factor of n and k.
2
Let o be -2 + 0 + 12 - -2. Suppose 0 = 2*h + 31 + 19. Let v = h + 37. What is the highest common factor of v and o?
12
Suppose 10*b + 294 - 844 = 0. What is the greatest common factor of b and 2365?
55
Let o be (-6)/24 + 519/12. Let h = o + -8. Let f = 25 + h. What is the highest common divisor of 12 and f?
12
Let a(o) = 2*o**2 - 95 + 3*o - o**2 + 120. Let f be a(11). Suppose 0 = p + 8 - f. What is the highest common factor of 19 and p?
19
Suppose 559815 - 73065 = 10*z. Calculate the highest common factor of 15 and z.
15
Let o be (11/(-2))/(3/(-96)). Suppose -5*k + 5*h + 275 = 0, 5*k - 8*h = -12*h + 176. Calculate the greatest common divisor of o and k.
44
Suppose 0 = q - 11 - 3. Suppose 4*a + 3 = -9, -26 = r + 4*a. Let l be r/7 + 1 + 155. What is the highest common divisor of q and l?
14
Let l(z) = 3*z**3 - 3*z**2 + 5*z - 5. Let w be l(2). Suppose -6*f + 77 - w = 0. Suppose 0 = f*t - 7*t - 270. What is the greatest common factor of 36 and t?
18
Let i(h) be the first derivative of h**4/2 - 25*h**3/3 - 9*h**2/2 + 18*h - 121. Let r be i(13). Calculate the greatest common divisor of r and 42.
14
Let h be (-2)/(-4)*(-3)/(18/24). Let c be (6/(-3) + 3)/(h/12). Let t be -3 - (-159)/c*(-4 + 2). Calculate the greatest common divisor of t and 75.
25
Suppose 2*t + 4*a = -64, -60*t + 3*a + 108 = -63*t. Let d be t/(-10 - -5) - 2. What is the greatest common divisor of d and 54?
6
Suppose 4*b - 2*i - 28 = 0, -9*i = -5*i - 16. Suppose -8 = 2*j, 4*j - 6 = -2*c + 8. Calculate the greatest common factor of c and b.
3
Let s be -10*2/(-16)*(73 - 17). Calculate the greatest common divisor of s and 950.
10
Suppose 15559*z - 612 = 15525*z. Suppose g - 2*m - 64 = 0, -3*g + 220 = 4*m - 3*m. What is the greatest common divisor of z and g?
18
Let b(r) = -r**2 - r + 11. Let a be b(0). Let z = -365 + 804. Let u be (7/5)/7 - z/(-5). Calculate the highest common divisor of a and u.
11
Suppose 19*p - 4*p = -p + 1376. What is the greatest common divisor of 116 and p?
2
Let o = 306 - 233. Suppose -3*b + 5*l = -0*l - o, 0 = -2*b - 2*l + 70. Calculate the greatest common factor of b and 589.
31
Suppose -17*d + 37 = -16*d. Suppose -5*s = 8*z - 4*z - 56, d = 5*z - 2*s. What is the highest common divisor of z and 18?
9
Let s(v) = 471*v + 2928. Let g be s(-6). Calculate the highest common divisor of g and 1462.
34
Let h = 101 - 65. Let t = -49 - -49. Suppose t = 9*j - 5*j - 216. Calculate the highest common factor of h and j.
18
Suppose 4*z + 5*a = 6*a + 2923, 5*z + 5*a = 3685. Let d be 4 + (z - 3) - 2. What is the greatest common divisor of 43 and d?
43
Let i be ((-62)/4)/(4/(-8)*-1). Let b = i + 19. Let z be 38/4 + 6/b + 0. What is the greatest common divisor of 45 and z?
9
Let o be 36*(-6)/(7 + 1089/(-144)). Let k = 14 + 10. Calculate the greatest common divisor of k and o.
24
Let h = -17 - 8. Let f be (-3)/(3 + -2) - h. Let s be ((-8)/12)/(((-4)/198)/1). What is the highest common factor of s and f?
11
Let m = 490 + -55. Calculate the highest common factor of 9 and m.
3
Suppose -x = 110 - 116. What is the greatest common factor of 114 and x?
6
Let k be (35/14)/(10/16). Suppose -f - 2*f - 171 = -5*a, -k*a = -5*f - 142. What is the greatest common factor of 22 and a?
11
Suppose -1420 = -71*j - 142. Let m be 34*4/24*-3. Let a = 19 - m. What is the greatest common divisor of j and a?
18
Let w = 2285 - 962. Calculate the greatest common factor of 105 and w.
21
Suppose -457 + 25 = -48*j. Suppose -j*h + 188 + 244 = 0. What is the gr